e remainder when -51*(-2 - -1)*1 is divided by (-4)/y + 792/45.
15
Let p(i) be the first derivative of -i**2/2 + 23*i - 5. Calculate the remainder when p(12) is divided by 7.
4
Let r be (203 - 1) + -11 + 13. Suppose 0*v + r = 3*v. Calculate the remainder when v is divided by 12.
8
Suppose -5*v + 144 = 19. Suppose -j + v = 4*j. Calculate the remainder when 7 is divided by j.
2
Suppose 4*p + 4 = 0, 4*x + 0*x + 285 = -p. Let v = 90 + x. Calculate the remainder when v is divided by 11.
8
Let m(r) = -3*r + 281. Calculate the remainder when m(34) is divided by 36.
35
Suppose -2062 = -16*g - 510. Calculate the remainder when g is divided by 38.
21
Suppose 5*u = -5*m - 8 + 23, -3*u - 11 = -m. Suppose -2 = -z - m. Let g = z + 30. Calculate the remainder when 51 is divided by g.
24
Let h(j) = j**2 - 9*j - 17. Let p be h(11). Suppose -5*v + 20 = 0, 0 = -3*x - p*v - 0 + 41. Calculate the remainder when 26 is divided by x.
5
Let z be 31/(2/18*3). Let n = -88 + z. Calculate the remainder when 63 is divided by n.
3
Suppose 0 = -p - 3*f + 35, -155*f = -3*p - 154*f + 75. Calculate the remainder when 66 is divided by p.
14
Let q = 28 - 16. What is the remainder when 48 is divided by q?
0
Let g = 1 + 30. What is the remainder when (127 - 37)/(3 - 2) is divided by g?
28
Suppose 4*j + 26 + 22 = 0. Let n be 8/j*6 - -7. Suppose -n*r + 6 + 39 = 0. What is the remainder when 28 is divided by r?
13
Suppose 16 = -0*q + 4*q. Suppose -3*x = 2*r - 13, -5*r + q*x + 45 = -2*r. Calculate the remainder when 21 is divided by r.
10
Let o(i) = -i**3 - 28*i**2 + 25*i - 35. Calculate the remainder when o(-29) is divided by 14.
11
Let b be (0 + -1)*(-75)/15. Suppose b*x - 9 = 56. What is the remainder when 30 is divided by x?
4
Let j = -531 - -667. Calculate the remainder when j is divided by 62.
12
Suppose -231 = -27*w + 390. What is the remainder when 151 is divided by w?
13
Let s(p) = 2*p - 13. Let f(b) = 5*b - 40. Let u(h) = 3*f(h) - 8*s(h). Let z be u(-7). Let j(w) = -8*w - 18. What is the remainder when j(z) is divided by 28?
26
Let n be 47 + 5/5 + 2. Suppose -9 + n = 2*f + 5*h, -f = 4*h - 22. What is the remainder when 88 is divided by f?
16
Suppose 20 = 6*l - l. Suppose -l*i - 25 = -3*p - 0*i, -5*i + 55 = 2*p. What is the remainder when 26 is divided by p?
11
Suppose 7 + 7 = -2*b. Let v(c) be the first derivative of -3*c**2/2 + 6*c + 15. Calculate the remainder when 51 is divided by v(b).
24
Let q = 15 + -8. Suppose q*l + l - 80 = 0. What is the remainder when 38 is divided by l?
8
Let n = 928 - 774. Calculate the remainder when 3233 is divided by n.
153
Let j(f) = -1. Let t(p) = 37*p - 7. Let w(h) = 4*j(h) - t(h). What is the remainder when w(-2) is divided by 20?
17
Suppose 27 = -21*f + 24*f. Let t(u) = 10*u - 17. Calculate the remainder when t(f) is divided by 15.
13
Let p be (117/6)/(1/2). Let d(u) = -16*u + 96. Let l be d(6). Suppose l = -0*v - 3*v + p. Calculate the remainder when v is divided by 7.
6
Suppose -35*p = 12*p - 282. What is the remainder when 145 is divided by p?
1
Suppose -1151 = -33*u + 2149. What is the remainder when u is divided by 27?
19
Let r be 0/(-1) - 0 - -33. What is the remainder when 225/6*2/3 - 4 is divided by r/4 + (-5)/20?
5
Let o be (-129)/18 + 3 + 1/6. What is the remainder when 9 is divided by (6/o)/(7/(-28))?
3
Let y = -26 - -38. What is the remainder when 16 is divided by 2/4*(y + (-6)/(-1))?
7
Let s be ((-70)/15)/(4/(-6)). Calculate the remainder when 9 is divided by 2*35/s*2/10.
1
Let i(a) = 7*a + 176. What is the remainder when i(26) is divided by 72?
70
Suppose 2*i = -3*s - 3 + 5, -2*s - 4*i - 4 = 0. Calculate the remainder when (-8)/18 - (-5576)/153 is divided by s*((-46)/(-4) - 2).
17
Let i(h) = 57*h + 6. What is the remainder when i(7) is divided by 138?
129
Suppose 72 = -n + 4*n. Let w = -101 - -47. What is the remainder when n is divided by (-1)/2*w/3?
6
Let d(u) = 2*u**3 - 3*u**2 + 1. Let v be d(2). Suppose 3*x + 64 = 2*r, 2*r - 18 = -v*x + 14. What is the remainder when r is divided by 7?
5
Suppose 3*u + u + 249 = 3*j, -u + 3*j = 51. Let n = 67 + u. What is the remainder when n is divided by 1?
0
Let w be (6/15)/((-7)/35). Let a(o) = 4*o**2 - 3*o - 8. Calculate the remainder when ((-26)/4)/(2/(-12)) is divided by a(w).
11
Let y be 104 - (-2 - -4) - 5. Let x = y + -80. Calculate the remainder when 66 is divided by x.
15
Suppose 0 = r - 2*a - 7, 3*r + 3*a = 2*a + 14. Suppose -2*o - 4*i + 0 = -6, 3*o - 11 = -r*i. Calculate the remainder when 17 is divided by o.
3
Suppose -2*q = -y - 4*q + 14, -q - 8 = -2*y. Suppose 3*v - 28 = 2*n, -v - 5*n = -26 - y. What is the remainder when 55 is divided by v?
7
What is the remainder when 4894/10 + ((-312)/(-20) - 15) is divided by 12?
10
Suppose -53*j - 680 = -945. Let l = -4 - -8. Suppose 3*o + 4*y - 9 = l*o, 4*y - 16 = 0. Calculate the remainder when o is divided by j.
2
Suppose 39*d = -28 + 340. What is the remainder when 129 is divided by d?
1
Let k be (-18)/(-24)*32/1. Suppose 4*u - k = -4. Suppose 0*a - 60 = -u*a. What is the remainder when 46 is divided by a?
10
Suppose 2*l + 2*x - 14 = 0, 2*l - 7*l + 85 = -5*x. Suppose 18*v = 4*v + 280. What is the remainder when v is divided by l?
8
Suppose -16 + 88 = 3*z. Let v = z + 1. Calculate the remainder when v is divided by 4.
1
Suppose -411 = -0*i - 3*i. Calculate the remainder when i is divided by 23.
22
Let k be (-3 + 2)/((-1)/3). Suppose 113 = 4*g + 3*t, k*g - 38 = 2*g - 4*t. Suppose 26*l - 900 = 8*l. What is the remainder when l is divided by g?
24
Let z be 204/18 + (-3)/9. Let h(q) = 6*q - 3. What is the remainder when h(z) is divided by 22?
19
Let u(r) = 13*r + 339. Suppose -7*h + 3*h + 84 = 0. Calculate the remainder when u(-22) is divided by h.
11
Let k = 41 + -13. Suppose 0 = 39*h - 116*h + 6006. What is the remainder when h is divided by k?
22
Suppose 83*z - 2332 = 16592. What is the remainder when z is divided by 79?
70
Let y = 220 + -130. Calculate the remainder when y is divided by 24.
18
Let z(p) = 2*p + 77. Let g(b) = -b. Let q(c) = 4*g(c) + z(c). Suppose -a + 100 = 4*a. Calculate the remainder when q(0) is divided by a.
17
Suppose 5*b + 6 = -2*f - 4, 0 = -5*b + 2*f + 10. Calculate the remainder when -3*(b - 295/15) is divided by 10.
9
Suppose u + 4*u = 25. Let j be u/(30/4)*-6. What is the remainder when 2 is divided by 10/14 + j/(-14)?
0
Let t = -350 - -424. What is the remainder when 242 is divided by t?
20
Suppose 5*h - 2*d = 60, 3*d - 25 = -4*h - 0*d. Calculate the remainder when 25 is divided by h.
5
Let j(o) = 90*o - 755. Calculate the remainder when 352 is divided by j(9).
22
Suppose 3*h - 2*l + 8 = -3*l, -4*h - 6 = -l. Suppose -4*c = -4*w - 20, -4*w + 13 = 25*c - 26*c. Calculate the remainder when 59/2 - h/4 is divided by c.
8
Suppose 3*s + 2*s = 205. Let z = s + -6. Calculate the remainder when z + (-2 + 2)/(-3) is divided by 9.
8
Let x be (6/10)/((-2)/(-10)). Suppose -x = v + 2. Let k(f) = f**3 + 5*f**2 - f + 7. What is the remainder when 46 is divided by k(v)?
10
Let r = 352 - 327. Calculate the remainder when r is divided by 13.
12
Let y = 808 + -602. What is the remainder when y is divided by 80?
46
What is the remainder when (-8)/3*6*(-114)/48 is divided by 20*(0 - (-3)/6)?
8
Let j(y) = 3*y - 4. Let h = -29 - -23. What is the remainder when 13*2 - (-1)/(h/(-18)) is divided by j(5)?
7
Suppose -21*j + 897 = -468. What is the remainder when 519 is divided by j?
64
Let k be (-42)/(-18) + 1/(-3). Suppose 5*o = 5*m - 270, -3*m + 282 = k*m + o. What is the remainder when m is divided by 15?
11
Suppose 2*q = -3*x + 132, 2*x - 6*x - 5*q = -169. What is the remainder when 181 is divided by x?
43
Let h(r) = -r**3 - 47*r**2 - 4*r - 109. What is the remainder when h(-47) is divided by 4?
3
Let i(b) = -2*b**3 - 4*b**2 + 3*b + 15. What is the remainder when i(-5) is divided by 42?
24
Let v(o) = o**3 - 8*o**2 - 3*o + 75. Let t = -109 + 117. What is the remainder when 356 is divided by v(t)?
50
Suppose -2*c - 32 = -3*s + 3*c, -5*s - 5*c + 120 = 0. Suppose 0 = 4*n + 3*u - 25, -5*n - 2*u = u - 35. Calculate the remainder when s is divided by n.
9
Let l = 0 + -1. Let h = -15 + l. Let p = h - -24. What is the remainder when 31 is divided by p?
7
Let n be 11 - -3*2/6. Let a be (1/(-2))/(3/n). Calculate the remainder when 7 is 